{"id":225,"date":"2023-12-04T14:42:58","date_gmt":"2023-12-04T11:42:58","guid":{"rendered":"https:\/\/magaza.nemtut.com.tr\/?page_id=225"},"modified":"2026-01-03T18:59:42","modified_gmt":"2026-01-03T15:59:42","slug":"nasil-calisir","status":"publish","type":"page","link":"https:\/\/www.nemtut.com.tr\/index.php\/nasil-calisir","title":{"rendered":"NemTut Nas\u0131l \u00c7al\u0131\u015f\u0131r?"},"content":{"rendered":"\n<h3 class=\"wp-block-heading\">NemTut, <strong>elektrik kullanmadan<\/strong>, ak\u0131ll\u0131ca tasarlanm\u0131\u015f <strong>ask\u0131l\u0131 ambalaj\u0131 ve \u00f6zel nem tutucu form\u00fcl\u00fcyle<\/strong> ortamdaki fazla nemi sessizce emer.<\/h3>\n\n\n\n<figure class=\"wp-block-image aligncenter size-large\"><img loading=\"lazy\" decoding=\"async\" width=\"1024\" height=\"536\" src=\"https:\/\/www.nemtut.com.tr\/wp-content\/uploads\/2026\/01\/NemTUT15-1024x536.jpeg\" alt=\"\" class=\"wp-image-797\" srcset=\"https:\/\/www.nemtut.com.tr\/wp-content\/uploads\/2026\/01\/NemTUT15-1024x536.jpeg 1024w, https:\/\/www.nemtut.com.tr\/wp-content\/uploads\/2026\/01\/NemTUT15-300x157.jpeg 300w, https:\/\/www.nemtut.com.tr\/wp-content\/uploads\/2026\/01\/NemTUT15-768x402.jpeg 768w, https:\/\/www.nemtut.com.tr\/wp-content\/uploads\/2026\/01\/NemTUT15.jpeg 1200w\" sizes=\"auto, (max-width: 1024px) 100vw, 1024px\" \/><\/figure>\n\n\n\n<p>\u00d6n y\u00fczeyinden havadaki su buhar\u0131n\u0131 \u00e7eken NemTut, i\u00e7erideki \u00f6zel bile\u015fimi sayesinde bu nemi <strong>s\u0131v\u0131 h\u00e2line d\u00f6n\u00fc\u015ft\u00fcr\u00fcr<\/strong> ve alt k\u0131s\u0131mdaki g\u00f6zle g\u00f6r\u00fcl\u00fcr hazneye y\u00f6nlendirir. Bu sayede nem, etrafta dola\u015fmaz\u2014toplan\u0131r ve g\u00fcvenli bir \u015fekilde hapsedilir.<\/p>\n\n\n\n<p>\ud83c\udfaf <strong>Kullan\u0131m s\u00fcreci \u00e7ok \u015feffaft\u0131r:<\/strong><\/p>\n\n\n\n<ul class=\"wp-block-list\">\n<li>\u0130lk hafta, haznede s\u0131v\u0131 birikimi g\u00f6r\u00fcnmeyebilir\u2014\u00e7\u00fcnk\u00fc NemTut h\u00e2l\u00e2 hava nemini aktif olarak emiyor ve d\u00f6n\u00fc\u015f\u00fcme haz\u0131rl\u0131yor.<\/li>\n\n\n\n<li><strong>\u0130kinci haftadan itibaren<\/strong>, haznedeki s\u0131v\u0131 seviyesiyle \u00fcr\u00fcn\u00fcn etkinli\u011fini <strong>g\u00f6zle takip edebilirsiniz<\/strong>. Bu, \u00fcr\u00fcn\u00fcn \u00e7al\u0131\u015ft\u0131\u011f\u0131n\u0131 g\u00f6rsel olarak do\u011frulaman\u0131z\u0131 sa\u011flar.<\/li>\n<\/ul>\n\n\n\n<p>NemTut sadece su buhar\u0131 almaz; <strong>fazla nemin yol a\u00e7t\u0131\u011f\u0131 t\u00fcm sorunlar\u0131 k\u00f6k\u00fcnden \u00e7\u00f6zer<\/strong>:<\/p>\n\n\n\n<ul class=\"wp-block-list\">\n<li>Dolaplardaki <strong>k\u00fcf ve ter kokusunu<\/strong> ortadan kald\u0131r\u0131r,<\/li>\n\n\n\n<li>Giysilerinizin ve e\u015fyalar\u0131n\u0131z\u0131n <strong>rutubete maruz kalmas\u0131n\u0131 engeller<\/strong>,<\/li>\n\n\n\n<li><strong>Metal y\u00fczeylerde pas ve korozyonu<\/strong> \u00f6nler.<\/li>\n<\/ul>\n\n\n\n<p>Her bir NemTut paketi, bulundu\u011fu ortam\u0131n nem yo\u011funlu\u011funa g\u00f6re <strong>ortalama 30 g\u00fcn<\/strong> etkin \u015fekilde \u00e7al\u0131\u015f\u0131r. Kullan\u0131m s\u00fcresi doldu\u011funda hazne dolu olur\u2014bu da \u201cde\u011fi\u015fim zaman\u0131\u201d sinyalidir.<\/p>\n\n\n\n<p><strong>Hat\u0131rlay\u0131n:<\/strong> Elektrik yok. Bak\u0131m yok. Sadece asla\u2014ve NemTut i\u015fini yapar.<\/p>\n\n\n\n<figure class=\"wp-block-video\"><video height=\"720\" style=\"aspect-ratio: 1280 \/ 720;\" width=\"1280\" controls src=\"https:\/\/www.nemtut.com.tr\/wp-content\/uploads\/2026\/01\/Urun_Etkinligi_Zaman_Atlamali_Video_Konsepti.mp4\"><\/video><\/figure>\n\n\n\n<div class=\"wp-block-buttons alignwide has-custom-font-size has-x-large-font-size is-content-justification-center is-layout-flex wp-container-core-buttons-is-layout-e7a9658e wp-block-buttons-is-layout-flex\" style=\"border-radius:0px;margin-top:0;margin-bottom:0;padding-top:0;padding-bottom:0\">\n<div class=\"wp-block-button is-style-outline is-style-outline--1\"><a class=\"wp-block-button__link has-ast-global-color-4-color has-text-color has-background has-link-color wp-element-button\" href=\"https:\/\/www.amazon.com.tr\/s?me=AONCGKBN23OYI&amp;marketplaceID=A33AVAJ2PDY3EV\" style=\"background:radial-gradient(rgb(2,3,129) 0%,rgb(40,116,252) 100%)\" target=\"_blank\" rel=\"noreferrer noopener\"><strong>amazon.com.tr<\/strong><\/a><\/div>\n\n\n\n<div class=\"wp-block-button is-style-outline is-style-outline--2\"><a class=\"wp-block-button__link has-ast-global-color-4-color has-electric-grass-gradient-background has-text-color has-background has-link-color wp-element-button\" href=\"https:\/\/www.ciceksepeti.com\/d\/tum-urunler?storeid=1500057499\" target=\"_blank\" rel=\"noreferrer noopener\"><strong>\u00e7i\u00e7eksepeti<\/strong><\/a><\/div>\n\n\n\n<div class=\"wp-block-button is-style-outline is-style-outline--3\"><a class=\"wp-block-button__link has-ast-global-color-4-color has-blush-bordeaux-gradient-background has-text-color has-background has-link-color wp-element-button\" href=\"https:\/\/www.hepsiburada.com\/magaza\/everest-pazarlama\" target=\"_blank\" rel=\"noreferrer noopener\"><strong>hepsiburada<\/strong><\/a><\/div>\n\n\n\n<div class=\"wp-block-button is-style-outline is-style-outline--4\"><a class=\"wp-block-button__link has-ast-global-color-4-color has-vivid-cyan-blue-to-vivid-purple-gradient-background has-text-color has-background has-link-color wp-element-button\" href=\"https:\/\/www.n11.com\/magaza\/everestpazar\" target=\"_blank\" rel=\"noreferrer noopener\"><strong>n11<\/strong><\/a><\/div>\n\n\n\n<div class=\"wp-block-button is-style-outline is-style-outline--5\"><a class=\"wp-block-button__link has-ast-global-color-4-color has-luminous-vivid-orange-to-vivid-red-gradient-background has-text-color has-background has-link-color wp-element-button\" href=\"https:\/\/www.koctas.com.tr\/everest-pazarlama\/s\/3184?_gl=1*162hd8s*_up*MQ..*_ga*MTU3MzM4NzU1Ny4xNzYxMjE3Nzg0*_ga_K0ZRSTYL5E*czE3NjEyMTc3ODMkbzEkZzEkdDE3NjEyMTc3OTIkajUxJGwwJGgw*_ga_H6RD3JSXEW*czE3NjEyMTc3ODMkbzEkZzEkdDE3NjEyMTc3OTIkajUxJGwwJGg3MzEzMzc0NDE.\" target=\"_blank\" rel=\"noreferrer noopener\"><strong>ko\u00e7ta\u015f<\/strong><\/a><\/div>\n\n\n\n<div class=\"wp-block-button is-style-outline is-style-outline--6\"><a class=\"wp-block-button__link has-ast-global-color-4-color has-luminous-vivid-amber-to-luminous-vivid-orange-gradient-background has-text-color has-background has-link-color wp-element-button\" href=\"https:\/\/www.trendyol.com\/magaza\/everest-pazarlama-m-698708?sst=0&amp;channelId=1&amp;event=0\" target=\"_blank\" rel=\"noreferrer noopener\"><strong>trendyol<\/strong><\/a><\/div>\n<\/div>\n","protected":false},"excerpt":{"rendered":"<p>NemTut, elektrik kullanmadan, ak\u0131ll\u0131ca tasarlanm\u0131\u015f ask\u0131l\u0131 ambalaj\u0131 ve \u00f6zel nem tutucu form\u00fcl\u00fcyle ortamdaki fazla nemi sessizce emer. \u00d6n y\u00fczeyinden havadaki [&hellip;]<\/p>\n","protected":false},"author":1,"featured_media":0,"parent":0,"menu_order":0,"comment_status":"closed","ping_status":"closed","template":"","meta":{"site-sidebar-layout":"default","site-content-layout":"","ast-site-content-layout":"default","site-content-style":"default","site-sidebar-style":"default","ast-global-header-display":"","ast-banner-title-visibility":"","ast-main-header-display":"","ast-hfb-above-header-display":"","ast-hfb-below-header-display":"","ast-hfb-mobile-header-display":"","site-post-title":"","ast-breadcrumbs-content":"","ast-featured-img":"","footer-sml-layout":"","ast-disable-related-posts":"","theme-transparent-header-meta":"","adv-header-id-meta":"","stick-header-meta":"","header-above-stick-meta":"","header-main-stick-meta":"","header-below-stick-meta":"","astra-migrate-meta-layouts":"default","ast-page-background-enabled":"default","ast-page-background-meta":{"desktop":{"background-color":"var(--ast-global-color-5)","background-image":"","background-repeat":"repeat","background-position":"center center","background-size":"auto","background-attachment":"scroll","background-type":"","background-media":"","overlay-type":"","overlay-color":"","overlay-opacity":"","overlay-gradient":""},"tablet":{"background-color":"","background-image":"","background-repeat":"repeat","background-position":"center center","background-size":"auto","background-attachment":"scroll","background-type":"","background-media":"","overlay-type":"","overlay-color":"","overlay-opacity":"","overlay-gradient":""},"mobile":{"background-color":"","background-image":"","background-repeat":"repeat","background-position":"center center","background-size":"auto","background-attachment":"scroll","background-type":"","background-media":"","overlay-type":"","overlay-color":"","overlay-opacity":"","overlay-gradient":""}},"ast-content-background-meta":{"desktop":{"background-color":"var(--ast-global-color-4)","background-image":"","background-repeat":"repeat","background-position":"center center","background-size":"auto","background-attachment":"scroll","background-type":"","background-media":"","overlay-type":"","overlay-color":"","overlay-opacity":"","overlay-gradient":""},"tablet":{"background-color":"var(--ast-global-color-4)","background-image":"","background-repeat":"repeat","background-position":"center center","background-size":"auto","background-attachment":"scroll","background-type":"","background-media":"","overlay-type":"","overlay-color":"","overlay-opacity":"","overlay-gradient":""},"mobile":{"background-color":"var(--ast-global-color-4)","background-image":"","background-repeat":"repeat","background-position":"center center","background-size":"auto","background-attachment":"scroll","background-type":"","background-media":"","overlay-type":"","overlay-color":"","overlay-opacity":"","overlay-gradient":""}},"footnotes":""},"class_list":["post-225","page","type-page","status-publish","hentry"],"_links":{"self":[{"href":"https:\/\/www.nemtut.com.tr\/index.php\/wp-json\/wp\/v2\/pages\/225","targetHints":{"allow":["GET"]}}],"collection":[{"href":"https:\/\/www.nemtut.com.tr\/index.php\/wp-json\/wp\/v2\/pages"}],"about":[{"href":"https:\/\/www.nemtut.com.tr\/index.php\/wp-json\/wp\/v2\/types\/page"}],"author":[{"embeddable":true,"href":"https:\/\/www.nemtut.com.tr\/index.php\/wp-json\/wp\/v2\/users\/1"}],"replies":[{"embeddable":true,"href":"https:\/\/www.nemtut.com.tr\/index.php\/wp-json\/wp\/v2\/comments?post=225"}],"version-history":[{"count":10,"href":"https:\/\/www.nemtut.com.tr\/index.php\/wp-json\/wp\/v2\/pages\/225\/revisions"}],"predecessor-version":[{"id":956,"href":"https:\/\/www.nemtut.com.tr\/index.php\/wp-json\/wp\/v2\/pages\/225\/revisions\/956"}],"wp:attachment":[{"href":"https:\/\/www.nemtut.com.tr\/index.php\/wp-json\/wp\/v2\/media?parent=225"}],"curies":[{"name":"wp","href":"https:\/\/api.w.org\/{rel}","templated":true}]}}