{"id":72,"date":"2023-11-29T11:40:30","date_gmt":"2023-11-29T08:40:30","guid":{"rendered":"https:\/\/magaza.nemtut.com.tr\/?page_id=72"},"modified":"2023-11-29T11:40:31","modified_gmt":"2023-11-29T08:40:31","slug":"iade-ve-degisim","status":"publish","type":"page","link":"https:\/\/www.nemtut.com.tr\/index.php\/iade-ve-degisim","title":{"rendered":"\u0130ade ve De\u011fi\u015fim"},"content":{"rendered":"\n<figure class=\"wp-block-image size-large\"><img loading=\"lazy\" decoding=\"async\" width=\"1024\" height=\"144\" src=\"https:\/\/magaza.nemtut.com.tr\/wp-content\/uploads\/2023\/11\/nemtut_iadedegisim_baslik-1-1024x144.png\" alt=\"\" class=\"wp-image-48\" srcset=\"https:\/\/www.nemtut.com.tr\/wp-content\/uploads\/2023\/11\/nemtut_iadedegisim_baslik-1-1024x144.png 1024w, https:\/\/www.nemtut.com.tr\/wp-content\/uploads\/2023\/11\/nemtut_iadedegisim_baslik-1-300x42.png 300w, https:\/\/www.nemtut.com.tr\/wp-content\/uploads\/2023\/11\/nemtut_iadedegisim_baslik-1-768x108.png 768w, https:\/\/www.nemtut.com.tr\/wp-content\/uploads\/2023\/11\/nemtut_iadedegisim_baslik-1-600x84.png 600w, https:\/\/www.nemtut.com.tr\/wp-content\/uploads\/2023\/11\/nemtut_iadedegisim_baslik-1.png 1305w\" sizes=\"auto, (max-width: 1024px) 100vw, 1024px\" \/><\/figure>\n\n\n\n<ul class=\"wp-block-list\">\n<li>&nbsp; Ald\u0131\u011f\u0131n\u0131z her \u00fcr\u00fcn, \u00fcretici firmas\u0131n\u0131n garantisi alt\u0131ndad\u0131r.<\/li>\n<\/ul>\n\n\n\n<ul class=\"wp-block-list\">\n<li>&nbsp; &nbsp; &nbsp; &nbsp; &nbsp; Alm\u0131\u015f oldu\u011funuz \u00fcr\u00fcn\u00fcn\u00fc ambalaj\u0131n\u0131 a\u00e7madan\/tahrip etmeden\/\/bozmadan, \u00fcr\u00fcn\u00fc kullanmadan teslim tarihinden itibaren yedi (7) g\u00fcnl\u00fck s\u00fcre i\u00e7inde teslim ald\u0131\u011f\u0131n\u0131z \u015fekli ile iade edebilirsiniz. \u00dcr\u00fcn\u00fc, \u00fcr\u00fcn faturas\u0131, sipari\u015f numaran\u0131z\u0131 da i\u00e7eren bir dilek\u00e7e veya iade formu ile iade ediniz.<\/li>\n<\/ul>\n\n\n\n<ul class=\"wp-block-list\">\n<li>&nbsp; &nbsp; &nbsp; &nbsp; &nbsp; Sevkiyat s\u0131ras\u0131nda zarar g\u00f6rd\u00fc\u011f\u00fcn\u00fc d\u00fc\u015f\u00fcnd\u00fc\u011f\u00fcn\u00fcz paketleri teslim ald\u0131\u011f\u0131n\u0131z firma yetkilisi \u00f6n\u00fcnde a\u00e7\u0131p kontrol ediniz. E\u011fer \u00fcr\u00fcnde herhangi bir zarar varsa kargo firmas\u0131na tutanak tutturularak&nbsp;\u00fcr\u00fcn\u00fc teslim almay\u0131n\u0131z. \u00dcr\u00fcn teslim al\u0131nd\u0131ktan sonra kargo firmas\u0131n\u0131n g\u00f6revini tam olarak yerine getirdi\u011fini kabul etmi\u015f oldu\u011funuzu unutmay\u0131n\u0131z<\/li>\n<\/ul>\n\n\n\n<p>&nbsp; &nbsp; &nbsp; &nbsp; &nbsp; Ambalaj\u0131 a\u00e7\u0131lm\u0131\u015f, kullan\u0131lm\u0131\u015f, tahrip edilmi\u015f vesaire \u015fekildeki \u00fcr\u00fcnlerin iadesi kabul edilmez.<\/p>\n\n\n\n<p>&nbsp; &nbsp; &nbsp; &nbsp; &nbsp; M\u00fc\u015fteri \u00fcr\u00fcn\u00fc, kendisine teslim edildi\u011fi andaki durumu ile geri vermekle ve kullan\u0131m s\u00f6z konusu ise kullanma dolay\u0131s\u0131yla mal\u0131n ticari de\u011ferindeki kayb\u0131 tazminle y\u00fck\u00fcml\u00fcd\u00fcr<\/p>\n\n\n\n<p>&nbsp; &nbsp; &nbsp; &nbsp; &nbsp; M\u00fc\u015fterinin \u00fcr\u00fcn\u00fc iade etmesi veya al\u0131\u015fveri\u015finden caymas\u0131 halinde, iade edilen \u00fcr\u00fcn Bize ula\u015ft\u0131\u011f\u0131 andan itibaren on (10) g\u00fcn i\u00e7erisinde \u00fcr\u00fcn bedeli iade edilir. Kredi kart\u0131na \u00fcr\u00fcn iade bedeli bankan\u0131z taraf\u0131ndan 2-6 hafta aras\u0131nda yap\u0131lmaktad\u0131r. Bu s\u00fcrede firmam\u0131z\u0131n tasarrufu bulunmamaktad\u0131r.<\/p>\n\n\n\n<p>&nbsp; &nbsp; &nbsp; &nbsp; &nbsp; \u00dcr\u00fcnde ve ambalaj\u0131nda herhangi bir a\u00e7\u0131lma, bozulma, k\u0131r\u0131lma, tahrip, y\u0131rt\u0131lma, kullan\u0131lma ve sair durumlar\u0131 tespit etti\u011fi hallerde ve \u00fcr\u00fcn\u00fcn m\u00fc\u015fteriye teslim edildi\u011fi andaki hali ile iade edilememesi halinde \u00fcr\u00fcn\u00fc iade almayacak ve bedelini iade etmeyecektir.<\/p>\n\n\n\n<p>&nbsp; &nbsp; &nbsp; &nbsp; &nbsp; \u00dcr\u00fcn m\u00fc\u015fteriye ula\u015ft\u0131ktan sonra ortaya \u00e7\u0131kabilecek ar\u0131zalar i\u00e7in, \u00fcretici firman\u0131n yetkili servislerine ba\u015fvurulmal\u0131d\u0131r.<\/p>\n\n\n\n<p>&nbsp; &nbsp; &nbsp; &nbsp; &nbsp; Yukar\u0131daki \u015fartlara uygun hallerde iade edilen \u00fcr\u00fcnlerde kargo \u00fccreti m\u00fc\u015fteri taraf\u0131ndan \u00f6denecektir..&nbsp; &nbsp; &nbsp; &nbsp; &nbsp;<\/p>\n\n\n\n<ul class=\"wp-block-list\">\n<li><\/li>\n<\/ul>\n\n\n\n<p>&nbsp; &nbsp; &nbsp; &nbsp; &nbsp; Havale iadeleri 2 i\u015f g\u00fcn\u00fc i\u00e7inde Kredi Kart\u0131 iadeleri 3 i\u015f g\u00fcn\u00fc i\u00e7inde yap\u0131lacakt\u0131r. Bankan\u0131z kredi kart\u0131 iadelerini ayn\u0131 g\u00fcn hesab\u0131n\u0131za yans\u0131tmayabilir. Bu durumda bankan\u0131z\u0131n kredi kart\u0131 servisini araman\u0131z gereklidir. Sipari\u015finizle ilgili \u201c\u0130ptal Edildi\u201d uyar\u0131s\u0131 \u00e7\u0131kt\u0131ktan sonra t\u00fcm bedel kredi kart\u0131n\u0131za veya havale yapt\u0131\u011f\u0131n\u0131z bankan\u0131za iade edilmektedir. Taksitli sat\u0131\u015flarda yap\u0131lan iadeler bankan\u0131z taraf\u0131ndan kredi kart\u0131n\u0131za her ay art\u0131 bakiye olarak yans\u0131t\u0131lmaktad\u0131r.<\/p>\n","protected":false},"excerpt":{"rendered":"<p>&nbsp; &nbsp; &nbsp; &nbsp; &nbsp; Ambalaj\u0131 a\u00e7\u0131lm\u0131\u015f, kullan\u0131lm\u0131\u015f, tahrip edilmi\u015f vesaire \u015fekildeki \u00fcr\u00fcnlerin iadesi kabul edilmez. &nbsp; &nbsp; &nbsp; &nbsp; [&hellip;]<\/p>\n","protected":false},"author":1,"featured_media":0,"parent":0,"menu_order":0,"comment_status":"closed","ping_status":"closed","template":"","meta":{"site-sidebar-layout":"default","site-content-layout":"","ast-site-content-layout":"default","site-content-style":"default","site-sidebar-style":"default","ast-global-header-display":"","ast-banner-title-visibility":"","ast-main-header-display":"","ast-hfb-above-header-display":"","ast-hfb-below-header-display":"","ast-hfb-mobile-header-display":"","site-post-title":"","ast-breadcrumbs-content":"","ast-featured-img":"","footer-sml-layout":"","ast-disable-related-posts":"","theme-transparent-header-meta":"","adv-header-id-meta":"","stick-header-meta":"","header-above-stick-meta":"","header-main-stick-meta":"","header-below-stick-meta":"","astra-migrate-meta-layouts":"default","ast-page-background-enabled":"default","ast-page-background-meta":{"desktop":{"background-color":"var(--ast-global-color-5)","background-image":"","background-repeat":"repeat","background-position":"center center","background-size":"auto","background-attachment":"scroll","background-type":"","background-media":"","overlay-type":"","overlay-color":"","overlay-opacity":"","overlay-gradient":""},"tablet":{"background-color":"","background-image":"","background-repeat":"repeat","background-position":"center center","background-size":"auto","background-attachment":"scroll","background-type":"","background-media":"","overlay-type":"","overlay-color":"","overlay-opacity":"","overlay-gradient":""},"mobile":{"background-color":"","background-image":"","background-repeat":"repeat","background-position":"center center","background-size":"auto","background-attachment":"scroll","background-type":"","background-media":"","overlay-type":"","overlay-color":"","overlay-opacity":"","overlay-gradient":""}},"ast-content-background-meta":{"desktop":{"background-color":"var(--ast-global-color-4)","background-image":"","background-repeat":"repeat","background-position":"center center","background-size":"auto","background-attachment":"scroll","background-type":"","background-media":"","overlay-type":"","overlay-color":"","overlay-opacity":"","overlay-gradient":""},"tablet":{"background-color":"var(--ast-global-color-4)","background-image":"","background-repeat":"repeat","background-position":"center center","background-size":"auto","background-attachment":"scroll","background-type":"","background-media":"","overlay-type":"","overlay-color":"","overlay-opacity":"","overlay-gradient":""},"mobile":{"background-color":"var(--ast-global-color-4)","background-image":"","background-repeat":"repeat","background-position":"center center","background-size":"auto","background-attachment":"scroll","background-type":"","background-media":"","overlay-type":"","overlay-color":"","overlay-opacity":"","overlay-gradient":""}},"footnotes":""},"class_list":["post-72","page","type-page","status-publish","hentry"],"_links":{"self":[{"href":"https:\/\/www.nemtut.com.tr\/index.php\/wp-json\/wp\/v2\/pages\/72","targetHints":{"allow":["GET"]}}],"collection":[{"href":"https:\/\/www.nemtut.com.tr\/index.php\/wp-json\/wp\/v2\/pages"}],"about":[{"href":"https:\/\/www.nemtut.com.tr\/index.php\/wp-json\/wp\/v2\/types\/page"}],"author":[{"embeddable":true,"href":"https:\/\/www.nemtut.com.tr\/index.php\/wp-json\/wp\/v2\/users\/1"}],"replies":[{"embeddable":true,"href":"https:\/\/www.nemtut.com.tr\/index.php\/wp-json\/wp\/v2\/comments?post=72"}],"version-history":[{"count":1,"href":"https:\/\/www.nemtut.com.tr\/index.php\/wp-json\/wp\/v2\/pages\/72\/revisions"}],"predecessor-version":[{"id":73,"href":"https:\/\/www.nemtut.com.tr\/index.php\/wp-json\/wp\/v2\/pages\/72\/revisions\/73"}],"wp:attachment":[{"href":"https:\/\/www.nemtut.com.tr\/index.php\/wp-json\/wp\/v2\/media?parent=72"}],"curies":[{"name":"wp","href":"https:\/\/api.w.org\/{rel}","templated":true}]}}